 + 4*n + 70 = 2*n. Let m = b - 26. Calculate the remainder when 17 is divided by m.
2
Let k(u) = 6*u**2 - 1 - u**2 - 6*u + u + 0. Calculate the remainder when 86 is divided by k(-2).
28
Let r(n) = 3*n - 4. Let u be r(6). Let h = 27 - u. What is the remainder when 25 is divided by h?
12
Suppose 0 = j + j - 2. What is the remainder when 36 is divided by 408/32 - j/(-4)?
10
Let z be (-2)/(-8) - (-78)/8. Let j(m) = m + 11. Suppose -36 + 14 = -2*x. What is the remainder when j(z) is divided by x?
10
Suppose 0 = -2*m + 61 - 3. Calculate the remainder when m is divided by 8.
5
Let w(q) = q**2 + 3*q. Let o be w(-3). Suppose -4*c = f - 168, o = 3*c - 4*f - 48 - 59. What is the remainder when c is divided by 11?
8
Suppose -5*q = -0*q - 15. Suppose a - 2 = 3*j - 2*j, 0 = -a + q*j. Let y(i) = 7*i**3 - i + 1. What is the remainder when y(1) is divided by a?
1
Suppose -5*w = -0*w + 3*q - 1, 6 = -2*q. Let r = 2 - 0. Calculate the remainder when w is divided by r.
0
Let l be (3 - 5) + 5/1. Suppose 0 = -s - 0*s + l. Suppose 51 = s*p - b, 51 = 3*p - 0*p - 4*b. Calculate the remainder when 50 is divided by p.
16
Suppose z - 63 = -4*y, 2 = z - 1. Calculate the remainder when 44 is divided by y.
14
Let q(s) = 42*s**2 - 2*s - 2. Let k be -2 - (-1 - (-1 + 2)). Suppose -4*g + 6*g - 22 = k. What is the remainder when q(-1) is divided by g?
9
Suppose q + 2*q - 95 = -5*x, -3*x + 57 = -q. Calculate the remainder when 56 is divided by x.
18
Let h = 21 + -15. Suppose 4*q + 5*g - 43 = 0, 4*q - 40 = -2*g - h. Calculate the remainder when 11 is divided by q.
4
Let q(d) = -d**3 + 5*d**2 - 3*d - 1. Let n be q(4). Suppose 2*y - n*y = -5. What is the remainder when 14 is divided by y?
4
What is the remainder when 33 + -2 + (-9)/3 is divided by (20/(-6))/(1/(-3))?
8
Let j = 34 - 14. What is the remainder when j is divided by 10?
0
Suppose -m = -0*p + p - 16, -5*m = 20. Suppose k + 4 = -3*k. What is the remainder when p is divided by 2*(0 + k) - -13?
9
Suppose -p = -2*g + 21, -7*g + 2*g - p = -42. Suppose b = 1 - 7. Calculate the remainder when g is divided by (-9)/(-1) + (b - -2).
4
Suppose 4*m = m + 36. Calculate the remainder when 177 is divided by m.
9
Let w be (-8)/3*3/(-2). Let t(f) = -f**3 + 3*f**2 + 4*f. Let i be t(w). Let b = 7 + i. Calculate the remainder when 19 is divided by b.
5
Let f = 28 - 11. What is the remainder when 65 is divided by f?
14
Suppose -2*y + 2*h + 12 = -12, 4*y = -h + 73. Calculate the remainder when 65 is divided by y.
14
Calculate the remainder when (-6)/(-14) - (-438)/7 is divided by 8.
7
Suppose 2*l - 4*l - 2*k + 458 = 0, -2*l + 5*k = -472. Calculate the remainder when l is divided by 18.
15
Let j(x) = -x**3 + 3*x**2 + 4*x - 4. What is the remainder when 38 is divided by j(3)?
6
What is the remainder when 5/(-20) + 39/12 is divided by 1?
0
Suppose -4*u + 80 = -4. Suppose 5*q = u - 6. Let l = 7 - 0. What is the remainder when l is divided by q?
1
What is the remainder when (3/4)/(11/176) is divided by 7?
5
Let b(g) = g**3 + 7*g**2 + 3*g - 7. What is the remainder when 31 is divided by b(-6)?
9
What is the remainder when 11 is divided by (-16)/6*(-6 + 4 + -1)?
3
Suppose -4*o + 113 = 4*j - 67, 0 = 3*o + 9. Let g = 99 - j. Calculate the remainder when g is divided by 18.
15
Suppose 6*g - 5*p = 4*g + 109, -4*p = -2*g + 110. Suppose 0 = -4*u - u + 75. Calculate the remainder when g is divided by u.
12
Suppose 45 = 3*w + 2*w. Let r = w + 16. Suppose -r + 85 = 4*o + 3*y, 3*y + 45 = 3*o. What is the remainder when 29 is divided by o?
14
Let m = 1 - -1. Let c be (-1)/(m - 10/4). What is the remainder when c/(-4) - 28/(-8) is divided by 2?
1
Suppose 0 = -4*d - d + 160. Calculate the remainder when d is divided by -11*((-2 - -2) + -1).
10
Let m(k) = -k**3 + 3*k**2 + k - 3. Let t be m(3). Suppose b + b = -4*c + 22, t = 5*c - 5*b - 50. What is the remainder when 17 is divided by c + 3 + -1 + 0?
8
Let p be (10/(-15))/((-3)/9). Suppose 1 = -2*t + 3*w, 2*t = -p*t + 5*w + 3. What is the remainder when 11 is divided by t?
4
Let j = 22 - -29. Suppose -5*v = -74 - j. Calculate the remainder when v is divided by 14.
11
Suppose 3 = -3*w + 33. Let d = -6 + 9. Calculate the remainder when w is divided by d.
1
Suppose 7*l + 132 = 4*l. Let h = -30 - l. Suppose -3*b + 2*o + 128 = 0, -b - 3*o - 172 = -5*b. What is the remainder when b is divided by h?
12
Suppose 15 = 8*o - 7*o. Calculate the remainder when 28 is divided by o.
13
Let l = -52 - -94. Calculate the remainder when l is divided by 15.
12
Suppose -3*v + 20 = 4*w, -4*w - 4*v + 16 = -0*v. What is the remainder when 53 is divided by 2/w + (-55)/(-4)?
11
Let z(b) be the third derivative of b**4/24 - 2*b**3/3 + 4*b**2. Let w be z(3). Calculate the remainder when 17 is divided by 2/((-2)/3 - w).
5
Let l(z) = -z + 19. Let k be l(14). Suppose k*y - 3*a - 50 = 0, -y + 3*a = 6*a - 10. Calculate the remainder when y is divided by 3.
1
Let k(h) = -h**3 - 5*h**2 - 8*h - 5. Suppose 5 = -3*l + 2. What is the remainder when k(-5) is divided by 3 - l*18/2?
11
Let h(g) = g**3 - g**2 - 4*g + 6. Suppose 0 = 5*j, -4*j + 14 + 30 = 2*b. Calculate the remainder when b is divided by h(3).
10
Let q be ((-6)/7)/3*-7. Suppose -q*x + 106 = 6. Let y = 7 - -10. Calculate the remainder when x is divided by y.
16
Let t(z) = -z. Let q(c) = -c**2 + 2*c + 5. Let w be q(4). Let b be t(w). What is the remainder when (b/(-2))/((-12)/80) is divided by 6?
4
Let s = -2 - -3. Suppose 0 = j + 2*h + 15, 0 = 5*j - 5*h + h + 33. What is the remainder when (3/j)/(4/(-12)) is divided by s?
0
Let c(y) = y**3 + 4*y**2 - 7*y - 5. Let m be c(-5). Suppose -d - 15 = -m*h, 4*h + 19 = h - 5*d. Calculate the remainder when 2 is divided by h.
0
Suppose 0*l + 5 = l. Suppose -90 + l = -4*v - 5*c, -4*v + 4*c + 40 = 0. Calculate the remainder when 44 is divided by v.
14
Let w = -10 - -12. Suppose w*k + 4*f - 69 = -k, 0 = -3*f. What is the remainder when k is divided by 6?
5
Let f(x) = 7*x**3 + 2*x**2 + 2*x - 1. Calculate the remainder when f(2) is divided by 23.
21
Let b(k) = -k**3 + k**2 - 4*k - 4. What is the remainder when 141 is divided by b(-2)?
13
Let g(d) = d**3 + 7*d**2 + 6*d + 3. Let k be g(-6). Suppose 0 = 6*i - k*i - 6. Calculate the remainder when 3 is divided by i.
1
Let x = -1 + 6. Suppose -x*h + 3*h = -10. Suppose -s = -h*s + 72. Calculate the remainder when 34 is divided by s.
16
Suppose -4*m = -3*j + 71, 0*j - 2*j + 9 = 5*m. Suppose -3*a + 13 = 2*i, 5*a + 4*i - 2 = j. Calculate the remainder when 13 is divided by a.
6
Let n = -57 + 22. Let f = -18 - n. Calculate the remainder when f is divided by 6.
5
Let b = 15 - 3. What is the remainder when 47 is divided by b?
11
Let d(x) = x + 41. What is the remainder when 165 is divided by d(-13)?
25
Suppose -6*r = -4*r + o - 3, 3*r + o - 6 = 0. What is the remainder when 44/((-2)/(-1)) + r is divided by 9?
7
Let k(r) = r**3 - 4*r**2 + r + 6. Let g be k(5). What is the remainder when (g/27)/(4/138) is divided by 24?
22
Suppose 39*a = 33*a + 162. What is the remainder when a is divided by 14?
13
Let a(w) = -2*w + 2. Let s be a(-2). Suppose -9*p + 168 = -s*p. Calculate the remainder when p is divided by 19.
18
Let m(v) = -v**3 + 14*v**2 - 10*v - 12. What is the remainder when m(13) is divided by 16?
11
Let j = 63 - 105. Suppose 3*f + f - 31 = 3*l, l - f + 12 = 0. Let v = l - j. Calculate the remainder when v is divided by 9.
7
Calculate the remainder when 53 is divided by 568/20 + (-4)/10.
25
Let i(a) = 2*a**2 + 6*a + 7. Calculate the remainder when i(-6) is divided by 15.
13
Let v be 6/(-15) - (-14)/10. Suppose -5*g - 27 = -f, -3*g = -3*f + 40 + 17. What is the remainder when f is divided by (-1 - v) + 11/1?
8
Suppose -5*n - 260 = -5*y, -278 = 5*n + 3*y + y. Let p be -4 + -1 + 3 - 2. Calculate the remainder when (-8)/(-6)*n/p is divided by 10.
8
What is the remainder when 26 is divided by 1/(-2*(-3)/42)?
5
Suppose 0*v - 6 = 3*b - 4*v, 3*b + 6 = -4*v. What is the remainder when 17 is divided by (b + 1)/(3/(-27))?
8
Suppose 3*h = -4*o + 7, 0*o - 4*o - 2*h = -10. What is the remainder when 4 is divided by o?
0
Suppose 4 + 50 = 6*z. What is the remainder when 24 is divided by z?
6
What is the remainder when 58 is divided by (-16)/32 + (-31)/(-2)?
13
Let h be 3 + -1 + 0 + 0. Suppose -b + h*b = -4*l - 94, -2*l + 2*b = 52. W